rime factors of g(w)?
29
Let m = 36 - 48. Let k be (0 - -1)/(2 - (-21)/m). Suppose -k*l + 445 = -3. What are the prime factors of l?
2, 7
Let s(d) = d**3 - 100*d**2 + 207*d + 234. List the prime factors of s(98).
2, 41
Let t = 4915 + -1040. List the prime factors of t.
5, 31
Suppose -4*v - 28*d + 24*d = -52524, 5*d = 3*v - 39369. List the prime factors of v.
2, 3, 547
Suppose -5*t - 3985 = -5*b, 510 = 2*t - 4*b + 2112. Let u = -261 - t. What are the prime factors of u?
2, 7, 19
Let f(k) = -k**3 + 53*k**2 + 170*k - 58. What are the prime factors of f(48)?
2, 9811
Let j(w) = -w**3 + 32*w**2 + 24*w - 304. What are the prime factors of j(15)?
3881
Let o(p) = 67*p**2 - 216*p - 52. What are the prime factors of o(-12)?
2, 11, 277
Let c be (-3776)/(-7) + 0 + 56/98. Let d = c + -187. What are the prime factors of d?
353
Suppose -37*c - 458022 = 9*c. What are the prime factors of (-2)/6 + (-9 - c/9)?
1097
Let u = -24 - -26. Suppose u*r + r + 6 = 0. List the prime factors of (-7 - r)/1*(-264)/30.
2, 11
Let q be (-122)/(-14) + 2/7. Let d be (-646)/114 - (-3 - -2)/(-3). List the prime factors of 304/d*q*15/(-36).
2, 5, 19
Suppose 9*d - 17089 - 771 - 24305 = 0. List the prime factors of d.
5, 937
Let d be -329*(-4)/2 - -7. Let m = d + -417. What are the prime factors of m?
2, 31
Let s be (-6 - -2)*27/(-27). Suppose -11*i + s*j = -12*i + 763, -3*j - 2229 = -3*i. List the prime factors of i.
3, 83
What are the prime factors of ((-3777917)/(-341) - 14) + ((-12)/(-62))/3?
5, 2213
What are the prime factors of (-762444)/(-10) + (-696)/290?
2, 3, 97, 131
Suppose u = -2*h + h - 27, 0 = -4*h + 20. Let y = 31 + u. List the prime factors of (0 + y + 2)*131.
131
Suppose -3*t - 339217 = -5*m, 479*t - 271372 = -4*m + 483*t. What are the prime factors of m?
2, 7, 2423
Let h(y) be the second derivative of y**2 - 1/3*y**3 + 0 + 17/6*y**4 + 9*y. List the prime factors of h(2).
2, 67
Let b be (-20)/(-4) + -3 - (-2)/(-1). Suppose 5*v + 15 + b = 0. List the prime factors of v/(1969/10197 + (-2)/9).
103
Let i = -5691 - -3754. Let h = i - -3365. Suppose -h + 478 = -5*a. What are the prime factors of a?
2, 5, 19
Let i be (-2)/11 + 204/33. Let y be i/(-4) + 7/(-14). List the prime factors of (0 + y - -1)*-49.
7
Let y(z) = -6*z - 40. Let f be (-3 - (1 - 1))/(7/77). Let i = f + 16. What are the prime factors of y(i)?
2, 31
Let t(j) = -59*j**3 - j**2 - 2*j - 1. Let n be t(-1). Let b = 59 - n. Suppose 0 = -3*q + 12, 4*p + 4*q - 6*q - 68 = b. List the prime factors of p.
19
Suppose 0 = 3*k - 6*k - b + 14, 4*k = 4*b + 8. Suppose -11*n + 4333 = -k*n. List the prime factors of n.
619
Let d(n) = 382 - 369 + 5*n**2 - n**2 - n. Suppose -8*b + 3*b + 35 = -l, 13 = -2*b - 5*l. List the prime factors of d(b).
151
What are the prime factors of 1844*14/(-17 - -73)?
461
Suppose v + 5*m = 41, 2*m = 2*v + 4*m - 82. Suppose 0 = -40*w + v*w - 808. List the prime factors of w.
2, 101
Let y(j) = -12*j + 35. Let p(o) = o**2 + 14*o + 16. Let g be p(-12). Let q be y(g). Suppose -319 - q = -5*i. What are the prime factors of i?
2, 3, 5
List the prime factors of 39231*16/(-96)*(-1 - 1).
3, 1453
Let k(p) = -7*p**3 + 7*p**2 + 9*p - 4. Let o(a) = a**3 - 2*a**2 - 3*a - 1. Let r be o(4). Suppose -49 + r = 15*t. What are the prime factors of k(t)?
2, 31
Suppose 5*j - 38059 = -3*f, -4*f - 3*j = -28586 - 22141. What are the prime factors of f?
2, 3, 2113
Let u(d) = d**3 - 3*d**2 + 33*d + 18. Let w be u(27). Suppose -1161 = 18*a - w. What are the prime factors of a?
2, 479
Let l(z) = 40*z**3 + 3*z**2 - 69*z + 39. List the prime factors of l(6).
3, 2791
Let v be (14/(42/61))/((-1)/24). Let u = -218 - v. List the prime factors of u.
2, 3, 5
Let x(i) be the second derivative of i**6/720 + i**5/3 - 7*i**4/12 + 3*i. Let z(r) be the third derivative of x(r). List the prime factors of z(0).
2, 5
Let m(y) = 3*y**3 - 342*y**2 - 64*y - 484. List the prime factors of m(115).
139, 229
Suppose -149*c - 922675 = -174*c. List the prime factors of c.
13, 17, 167
Suppose -4*l + 23 = k, 4*l - 5*k + 0 = 29. Suppose -335 = -3*z - 5*b, -l*b = z - 2*b - 121. What are the prime factors of z?
3, 5, 7
Let o(x) = -82*x + 1363. List the prime factors of o(-5).
3, 197
Let u = 71319 - 44593. What are the prime factors of u?
2, 7, 23, 83
Suppose 26*c = 22*c + 1312. Suppose -3*u = 4*n - 183, -6*u + u + n + c = 0. Let d = -61 + u. List the prime factors of d.
2
Let r = 142 - 455. Let u be (-22)/(-88) - 677*(-3)/4. Let z = r + u. What are the prime factors of z?
3, 5, 13
Suppose -5*s - 1810 - 5750 = -7*s. What are the prime factors of s?
2, 3, 5, 7
Let j(q) = -17*q - 40. Let t be j(-3). Suppose -t*o = -8*o - c - 629, 2*o = c + 421. List the prime factors of o.
2, 13
Suppose -505350 - 71940 = -126*a + 446082. List the prime factors of a.
2, 31, 131
Suppose -8*c + 9*c = 4*j + 8891, -c + 8885 = -2*j. What are the prime factors of c?
13, 683
Let r(n) = -n**2 + 32*n + 10. Let g be r(30). Let k = 35 + g. List the prime factors of k.
3, 5, 7
Let c = 7 - -2. Suppose -4*i - 2*f + 1470 = 0, -423 = -3*i - f + 678. Suppose -c*v = -i - 3. What are the prime factors of v?
41
Let y(v) = -2*v**2 + 5*v - 5. Let z be y(3). Let k be ((-1)/2)/(z/96). Suppose -8*b = k*b - 1512. List the prime factors of b.
2, 3
Suppose 10*h = 19*h - 54. List the prime factors of (66/(-2))/(h*(-1)/4).
2, 11
Suppose 12*l - 33421 = 31*l. Let t = -520 - l. List the prime factors of t.
3, 7, 59
Let a = 5579 - 3656. What are the prime factors of a?
3, 641
Let w(t) = -71*t + 51. Let i be w(12). Let c = i - -1159. What are the prime factors of c?
2, 179
Suppose -22*q = -28*q + 21918. What are the prime factors of q?
13, 281
Let d(b) be the second derivative of 3*b**2 + 5/6*b**4 - 25*b + 0 + b**3. List the prime factors of d(-4).
2, 71
Suppose -b + 19 - 2 = -3*r, 4*b + r = 29. Suppose -l = 3*l - b. What are the prime factors of (1 + 53)*(-2 - -4)/l?
2, 3
Let k = 10322 - 5213. List the prime factors of k.
3, 13, 131
Let s = 391 - 386. Suppose 3*k = s*v + 3733, 5*v = -5*k + 5842 + 433. List the prime factors of k.
3, 139
Suppose 171*x - 806764 = 5134973. List the prime factors of x.
34747
Let u = -313 + 315. Suppose 3*b = -u*o + 1922, -o - 4*b - 4828 = -6*o. List the prime factors of o.
2, 241
Let o = -124 + 130. List the prime factors of (o - (-4 - -16)) + 201.
3, 5, 13
Suppose 0*s + 2*s = 4*y - 154, 3*s + 3*y + 195 = 0. Let p = -75 - s. What are the prime factors of (-4 - p)/(2/(98 - 0))?
2, 7
Suppose 0 = -t - 2. Let x be 1/t*(1 + 2 + -63). List the prime factors of (-6)/x - 506/(-5).
101
Let m(v) = -321*v - 468. What are the prime factors of m(-21)?
3, 17, 41
Let p(a) = 145*a**2 + 34*a + 58. List the prime factors of p(8).
2, 5, 31
Let z = -82 + 89. Suppose -3*u + z*u + 604 = 0. Let h = -69 - u. What are the prime factors of h?
2, 41
Let c be (-120)/(-21) - 6/(-21). Let u be c + -5 - (0 - 2). Suppose -530 = -4*r - 2*d, 487 = u*r + 2*d + 91. What are the prime factors of r?
2, 67
Let f(l) = -9*l + 6. Let u be f(7). Let i be (2 + u)/(9/(-27)). Suppose 6*p - i = 5*p. What are the prime factors of p?
3, 5, 11
Let v be (-3176 + 2 + 2)*-1. Suppose 14*l = l + v. What are the prime factors of l?
2, 61
Let z(q) = q**3 + 27*q**2 + 3*q + 27. Let y be z(-21). Suppose 14*p - y = 9*p. What are the prime factors of p/7 - 6/(-14)?
3, 5
Let n = 77172 + -41007. List the prime factors of n.
3, 5, 2411
Let f(i) = 105*i**2 + 71*i + 774. What are the prime factors of f(-13)?
2, 53, 83
Let l(x) = -23*x**3 + 3*x**2 + 25*x. Let z be l(-6). Suppose -z = -12*b + 2454. List the prime factors of b.
3, 5, 41
Let p be ((-103)/309)/(2/(-1350)). Suppose p*y - 110 = 215*y. List the prime factors of y.
11
Let b(i) = -264*i - 22*i - 49*i - 16. What are the prime factors of b(-3)?
23, 43
Let g = 22 + -17. Suppose 2*d + 85 = g*p, 4*p = -3*d + 24 + 67. List the prime factors of (-4)/(-8) + p/2.
2, 5
Suppose 20 = -l + 11*l. Let t(o) = -4*o**l + 5*o**2 + 191*o + 114 - 189*o. What are the prime factors of t(0)?
2, 3, 19
Suppose -23*h + 2022 = 16627. Let y = h - -1346. What are the prime factors of y?
3, 79
Let u = -43 - -61. Suppose -u*j - 16 = -20*j. What are the prime factors of (((-3)/(-1))/3)/(j/1352)?
13
Let w = 39599 + -22049. List the prime factors of w.
2, 3, 5, 13
Let r(o) = 2*o**2 - 55*o + 15702. What are the prime facto